3. Let f = -5 + 7. Suppose 3*r = g + 21 - 4, n = f*r + g. What is the units digit of r?
6
Suppose 14 = -2*c - 4*d - d, -2*d = 8. Let n(a) = -c*a + 2*a - 3 - a - a. What is the units digit of n(-4)?
9
Let n = -62 - -94. What is the units digit of n?
2
Let g = -1 - -3. Suppose 0 = g*j - 12 - 2. What is the units digit of j?
7
Suppose 3*j = -3, j - 3*j - 53 = -d. What is the tens digit of d?
5
Let o = -165 - -315. What is the units digit of o?
0
Let k be (-1 + -4)*8/10. Let b(y) = 2*y**2 + 6*y. What is the units digit of b(k)?
8
Suppose -2 = -a, 0*a - a + 1 = -z. Let u = -32 - -13. What is the units digit of z/4 + u/(-4)?
5
Suppose -p + 3*p + 12 = 0. Let c = p + 1. What is the units digit of -3*c/(45/12)?
4
Suppose 30 + 25 = 5*a. What is the units digit of a?
1
Suppose -4*l - p = -3*p - 338, -3*l = 5*p - 260. Suppose -8*c = -3*c + d + l, 4*c - d = -68. Let b = -5 - c. What is the units digit of b?
2
Let h(f) = 3*f + 3 + 4 - 4. What is the tens digit of h(3)?
1
Let i = -33 + 50. What is the units digit of i?
7
Let f be (3/6)/(2/16). Let v be 10/f*(-12)/(-10). Let g = v - 1. What is the units digit of g?
2
Suppose 3*y - 155 = -2*y. Suppose 11 = -4*t + y. Let f(w) = w**2 - 6*w + 6. What is the units digit of f(t)?
1
Let p = -7 + 11. Let r be p*(-2)/(-4) - 2. Let x(q) = -q**2 + q + 2. What is the units digit of x(r)?
2
Let z = 12 + -9. Let l be -5*(-2 - (-16)/10). Suppose q - 5*o = -0*q + 13, -z*q + 26 = -l*o. What is the units digit of q?
8
Let d(s) = s**2 + 10*s - 2. Let z be d(-10). Let v = 36 - z. What is the units digit of v?
8
Suppose -f - 44 = 3*y, 3*f + 4*y = 2*f - 43. Let p = 84 + f. What is the tens digit of p?
3
Let g = 100 - 66. What is the units digit of g?
4
Let t = -20 - -44. What is the units digit of t?
4
Let c = 3 - -1. What is the units digit of (3 + -4)*0 + c?
4
Let l be (12/5)/((-2)/(-20)). Suppose 4*x + 2*c - l = 0, -2*c - 12 = -4*x + 2*c. Suppose -4*v + 10*s = 5*s + 4, -x*v + s = -16. What is the units digit of v?
4
Let u be (25 + (5 - 1))*1. Let k = -14 + u. What is the tens digit of k?
1
Suppose 3*o + 96 = 6*o. Suppose -152 = -4*n - o. What is the tens digit of n?
3
What is the tens digit of 6/24 + (-86)/(-8)?
1
Suppose 2*x - 237 - 387 = 0. What is the tens digit of x?
1
Let z be (3/12 - -1)*12. Let y = z + -21. Let p = y - -8. What is the units digit of p?
2
Let s(l) = -l**3 - 4*l**2 + 2*l + 5. Let w be s(-4). Let z = -10 + 20. Let t = w + z. What is the units digit of t?
7
Let i(x) = -2*x - 1. Suppose 3*v = 4*v + 7. What is the tens digit of i(v)?
1
Let r(s) = -s + 10. Let a be r(7). Suppose -a*d + 5*y + 3 = -59, -5*d = 4*y - 165. Suppose 4 = 3*k - d. What is the tens digit of k?
1
Let d = 34 - 64. What is the units digit of (-925)/d + (-2)/(-12)?
1
Let c(q) = 8*q**3 + q**2 + 2*q + 1. Let b be c(-1). What is the units digit of (-3)/(-12) + (-62)/b?
8
Let c = 585 - 408. What is the hundreds digit of c?
1
Let b(z) = -z**2 + 17*z + 4. Let t be b(12). Suppose t = 4*u - 72. What is the units digit of u?
4
Let v(l) = 9*l - 4. Let g be v(3). Suppose r + 5 = g. What is the tens digit of r?
1
Let p(s) = s + 9. Let j be p(-7). Suppose 0*d = -3*d + 15. Let z = d + j. What is the units digit of z?
7
Let w(z) = -z**3 + 8*z + 4. What is the tens digit of w(-4)?
3
Suppose -r = n + 2*r - 12, 2*n - 18 = -3*r. Let l = n - -3. What is the units digit of l?
9
Let p(i) = i**3 + 6*i**2 + 2*i - 2. Let g(d) = d + 8. Let x be g(-10). Let w be p(x). Suppose -3*o - w = -28. What is the units digit of o?
6
Suppose -8 = -5*d + 2. What is the tens digit of 2*((9 - d) + 3)?
2
Let t(u) = -u**3 + 2*u**2 + 2*u - 1. Let s be t(2). Suppose -n = -s*q + 8, -2*q = n + 3*n - 24. What is the units digit of n?
4
Suppose 4*q = 5*g - 29, -4*g = q - 0*g - 19. Let i be ((-15)/(-6)*-2)/q. Suppose 5*c - n = 30, -32 = -4*c + i*n - 8. What is the units digit of c?
6
Let o = 7 - 6. Let r = o - -1. What is the units digit of (3 - r)/((-1)/(-19))?
9
What is the tens digit of 3/15 - 594/(-30)?
2
Let j(m) = -4*m - 3. Suppose -8 + 2 = 3*i. What is the units digit of j(i)?
5
Suppose -4*j + 5*f - 1 = 0, -3*j - 5*f + 8 = -0*f. Let h be (j - 1)*(2 - 3). Suppose 3*k - 4*k + 1 = -3*g, -4*k + 4*g + 4 = h. What is the units digit of k?
1
Let n = -5 + 5. Suppose n = 3*s - 2*s - 13. What is the units digit of s?
3
What is the units digit of (-3)/(33/78 - 1/2)?
9
Suppose 0 = -5*n - 4*o - 282, -4*n + o = n + 292. Let d(m) = -2*m - 2. Let l be d(-3). What is the units digit of (-1)/l - n/8?
7
Let d(q) = 11*q + 2. Let o(t) = -32*t - 5. Let z be 6/27 + (-148)/18. Let c(u) = z*d(u) - 3*o(u). What is the units digit of c(1)?
7
Let i(h) be the first derivative of h**3/3 + h**2/2 + 12*h + 1. What is the tens digit of i(0)?
1
Suppose -3*l - 8 = 5*s, 2 - 6 = -l - 5*s. Let i = -13 - l. Let q = 11 + i. What is the units digit of q?
4
Suppose -66 = -3*f - m, -17 = -5*f - 4*m + 93. What is the tens digit of f?
2
What is the tens digit of (-15)/(-10)*(-22)/(-3)?
1
Suppose 0 = -4*s - 2*i + 44, -4 = i - 2. Suppose 5*j = 4*j + 5*x - s, -2*x + 48 = 5*j. What is the units digit of j?
8
Let a(i) = -2*i + 1. Let m be a(-2). Let x(u) = -u - u**2 - 3*u**2 + m*u**2 - 1. What is the units digit of x(3)?
5
Suppose 0 = -c + 5 - 2. Suppose -c*m - 2*m = 0. Suppose -3*a - r + 0*r + 4 = m, -3*a + r + 2 = 0. What is the units digit of a?
1
Let b be 6/24 - 103/(-4). What is the units digit of (-4)/b + (-810)/(-26)?
1
Let k = 1 - 0. Suppose z - k + 2 = 0. What is the units digit of z/(2/16*-1)?
8
Let g(c) = 2*c**2 - 10*c + 2. What is the tens digit of g(7)?
3
Suppose -3*l + o = 4*o - 9, -2*o - 36 = -5*l. Let q be 6*l/10*-5. Let x = q - -29. What is the tens digit of x?
1
Suppose f = -g + 43, -g - 2*f - 37 = -2*g. Let y = 72 - g. What is the units digit of y?
1
Let z(n) = -n**2 - 13*n + 2*n**2 - 2*n**2 + 0 + 1. What is the units digit of z(-13)?
1
Suppose 14 + 13 = 3*g. What is the units digit of g?
9
What is the hundreds digit of 0 + (-9250)/(-55) - 4/22?
1
Let y be (78/13)/((-3)/(-2)). Suppose 0 = -y*b + 244 - 72. What is the tens digit of b?
4
Suppose 47 = 4*c + 15. Suppose -4*t = -12 - c. Suppose -12 = -d + 5*x + 2, -18 = -2*d + t*x. What is the units digit of d?
4
Suppose 504 - 2082 = -6*j. What is the units digit of j?
3
Let q be -1*2 + 51/3. Suppose -3*j - q = -5*c, -c - 2*c = 2*j + 10. Suppose -3*x = -3*s - 39, c = 3*x - s - s - 38. What is the tens digit of x?
1
Suppose -4*k = -3*k - 31. What is the tens digit of k?
3
Let i(c) = -c**3 + 3*c**2 + 6*c - 6. Suppose -1 = 6*a - 5*a. Let l(p) = -5*p**3 + p. Let d be l(a). What is the units digit of i(d)?
2
Let f(k) = -6*k + 0*k**3 + k + 0*k - 4 - k**3 - 2*k**2. What is the tens digit of f(-3)?
2
Let l be (-1)/(-5) + 690/50. Suppose -156 = 10*f - l*f. What is the units digit of f?
9
Suppose -4*d = 8 - 24. Suppose -d*c = c - 125. Let o = c - 17. What is the units digit of o?
8
Let u be 2/5 + (-14)/10. What is the units digit of (-3 - (-4)/2)/u?
1
Let p(q) = q**3 + 4*q**2 + q - 3. Let y be 4*((-14)/8 - -1). Let h be p(y). Suppose -i = h*g - 0*i - 20, g - 10 = -i. What is the units digit of g?
5
Suppose 5*w - 4*w - 18 = -s, 51 = 3*s + 4*w. What is the units digit of s?
1
Let n be 5 + -31 - (-4 + 2). Let l = n - -5. Let t = -4 - l. What is the tens digit of t?
1
Let u = 81 + -19. What is the units digit of u?
2
Suppose 3*a - 6*h + h + 54 = 0, 4*a = 3*h - 72. Let f = 29 + a. What is the tens digit of f?
1
Suppose 0 = 4*f - 20 - 8. What is the tens digit of f*3/(-4)*-4?
2
Suppose -s + 3 = 5*y - 4*y, -10 = -2*y + 2*s. What is the units digit of y?
4
Let h be (-3)/9 - 8/3. Let q = 7 + h. What is the units digit of q?
4
Let a(p) = -7*p + 8. Let m(y) = 3*y - 2. Let w be m(2). Let f(t) = -3*t + 4. Let u(b) = w*a(b) - 9*f(b). What is the units digit of u(-6)?
2
Let m(u) = u**3 + 5*u**2 - 5*u - 6. Let q be (-3)/5 - 44/10. What is the units digit of m(q)?
9
Let v(s) = s + 2. Let t be v(-4). Let f be 145/10*(0 - t). Suppose -4*q + 81 - f = 0. What is the units digit of q?
3
Suppose 9*o = 5*o + 20. Let i(z) = z**2 + 3*z - 3. What is the units digit of i(o)?
7
Let x(l) = 2*l**2 - 17*l - 4. What is the units digit of x(10)?
6
Let a(u) = -u**3 + 4*u**2 - 2*u + 1. Let s be a(3). Suppose -h - 3*m - 11 = 0, -4*m + 2*m - 26 = -s*h. Suppose 8 = -0*z + h*z. What is the units digit of z?
2
Sup